
Is 25 a factor of 11808?
False
Is 5940 a multiple of 20?
True
Is 4 a factor of 185?
False
Does 9 divide 954?
True
Does 39 divide 16673?
False
Is 21 a factor of 12873?
True
Is 1555 a multiple of 29?
False
Is 700 a multiple of 7?
True
Is 4 a factor of 4236?
True
Does 54 divide 1228?
False
Does 18 divide 849?
False
Is 63 a factor of 32829?
False
Is 3 a factor of 265?
False
Does 97 divide 29876?
True
Is 53935 a multiple of 58?
False
Is 7 a factor of 29854?
False
Is 6 a factor of 127?
False
Is 51 a factor of 71247?
True
Is 882 a multiple of 98?
True
Does 20 divide 4240?
True
Does 39 divide 1494?
False
Is 290 a multiple of 58?
True
Is 71862 a multiple of 42?
True
Does 17 divide 56542?
True
Is 125 a factor of 20739?
False
Is 17 a factor of 85?
True
Does 100 divide 3500?
True
Is 26 a factor of 3156?
False
Is 150 a multiple of 3?
True
Is 3068 a multiple of 59?
True
Is 89 a factor of 356?
True
Does 10 divide 657?
False
Does 13 divide 635?
False
Does 14 divide 1205?
False
Is 5148 a multiple of 36?
True
Is 950 a multiple of 27?
False
Is 17 a factor of 1734?
True
Does 18 divide 6010?
False
Is 30 a factor of 324?
False
Is 143 a factor of 1001?
True
Is 4890 a multiple of 15?
True
Is 6 a factor of 1801?
False
Is 204 a factor of 83740?
False
Is 253 a multiple of 3?
False
Is 2896 a multiple of 8?
True
Is 780 a multiple of 60?
True
Is 1695 a multiple of 2?
False
Is 12 a factor of 1950?
False
Is 14 a factor of 1893?
False
Is 20 a factor of 1160?
True
Is 402 a multiple of 38?
False
Is 10 a factor of 1392?
False
Is 76 a factor of 988?
True
Is 2 a factor of 57?
False
Is 11074 a multiple of 175?
False
Is 24 a factor of 240?
True
Is 34608 a multiple of 12?
True
Does 24 divide 648?
True
Is 5 a factor of 13?
False
Is 39261 a multiple of 23?
True
Is 490 a multiple of 10?
True
Is 5088 a multiple of 96?
True
Is 15 a factor of 4374?
False
Is 71 a factor of 1065?
True
Is 2 a factor of 2429?
False
Is 27 a factor of 22950?
True
Is 4 a factor of 136?
True
Is 7 a factor of 116?
False
Is 98658 a multiple of 9?
True
Is 713 a multiple of 47?
False
Is 17532 a multiple of 50?
False
Is 3136 a multiple of 4?
True
Is 10475 a multiple of 47?
False
Is 24 a factor of 116?
False
Does 13 divide 970?
False
Is 53 a factor of 1696?
True
Is 66926 a multiple of 45?
False
Does 52 divide 3944?
False
Is 119 even?
False
Does 6 divide 4097?
False
Is 9 a factor of 577?
False
Is 79 a factor of 27650?
True
Is 869 a multiple of 85?
False
Is 90 a multiple of 6?
True
Is 20 a factor of 400?
True
Is 214 a multiple of 7?
False
Is 276 a factor of 28217?
False
Is 120 a factor of 13583?
False
Is 38 a factor of 52516?
True
Is 88173 a multiple of 9?
True
Does 9 divide 48666?
False
Does 15 divide 1635?
True
Is 15441 a multiple of 18?
False
Does 31 divide 124?
True
Does 93 divide 4929?
True
Is 17 a factor of 2584?
True
Is 22 a factor of 33330?
True
Does 71 divide 2079?
False
Is 140 a multiple of 20?
True
Is 2640 a multiple of 6?
True
Does 34 divide 11783?
False
Is 28991 a multiple of 67?
False
Is 97 a factor of 34480?
False
Is 907 a multiple of 6?
False
Does 15 divide 9660?
True
Is 3 a factor of 128?
False
Does 22 divide 67659?
False
Is 45 a factor of 1875?
False
Does 9 divide 8775?
True
Is 527 a multiple of 17?
True
Does 4 divide 2940?
True
Does 15 divide 3075?
True
Is 1922 a multiple of 3?
False
Is 24175 a multiple of 58?
False
Is 15 a multiple of 5?
True
Is 3 a factor of 147?
True
Is 85 a factor of 16641?
False
Is 24 a factor of 18216?
True
Is 4 a factor of 16?
True
Is 18 a factor of 306?
True
Does 7 divide 9947?
True
Is 14 a factor of 5292?
True
Does 14 divide 1001?
False
Is 4060 a multiple of 4?
True
Is 11 a factor of 69?
False
Is 6039 a multiple of 144?
False
Does 10 divide 20075?
False
Is 2047 a multiple of 89?
True
Does 35 divide 11744?
False
Does 14 divide 56446?
False
Does 21 divide 2493?
False
Is 6 a factor of 6942?
True
Does 8 divide 216?
True
Is 4 a factor of 5704?
True
Does 83 divide 6391?
True
Does 15 divide 5055?
True
Does 6 divide 359?
False
Does 20 divide 500?
True
Is 95 a factor of 3515?
True
Is 1717 a multiple of 45?
False
Is 242 a multiple of 7?
False
Is 483 a multiple of 46?
False
Is 3085 a multiple of 17?
False
Does 54 divide 8856?
True
Is 88 a factor of 12394?
False
Is 66 a factor of 3830?
False
Is 2256 a multiple of 12?
True
Is 3 a factor of 97?
False
Is 9212 a multiple of 188?
True
Is 187 a factor of 7106?
True
Does 166 divide 9628?
True
Does 11 divide 7407?
False
Is 28 a factor of 810?
False
Is 1945 a multiple of 11?
False
Is 32190 a multiple of 10?
True
Is 3135 a multiple of 15?
True
Is 5389 even?
False
Is 14820 a multiple of 15?
True
Does 49 divide 3234?
True
Is 2212 a multiple of 5?
False
Is 190442 a multiple of 14?
True
Is 159 a multiple of 6?
False
Does 56 divide 10132?
False
Is 79 a factor of 1580?
True
Is 49956 a multiple of 57?
False
Is 34 a factor of 737?
False
Is 5765 a multiple of 23?
False
Is 32 a factor of 1457?
False
Is 13824 a multiple of 18?
True
Is 31 a factor of 19499?
True
Does 104 divide 7164?
False
Does 58 divide 672?
False
Does 3 divide 1527?
True
Does 26 divide 14554?
False
Is 424 a multiple of 53?
True
Does 14 divide 16534?
True
Does 4 divide 1107?
False
Does 16 divide 1248?
True
Is 29 a factor of 1491?
False
Is 3 a factor of 767?
False
Is 176 even?
True
Is 20 a factor of 47445?
False
Is 4 a factor of 4735?
False
Does 30 divide 27480?
True
Is 16 a factor of 191?
False
Does 28 divide 12964?
True
Is 6159 a multiple of 6?
False
Is 98688 a multiple of 173?
False
Is 1113 a multiple of 52?
False
Does 4 divide 1098?
False
Does 19 divide 20581?
False
Does 19 divide 42202?
False
Is 10 a factor of 160?
True
Is 147 a factor of 6027?
True
Is 61 a factor of 3843?
True
Is 1561 a multiple of 15?
False
Is 696 a multiple of 29?
True
Is 3151 a multiple of 23?
True
Is 6 a factor of 6468?
True
Does 27 divide 1458?
True
Does 66 divide 13332?
True
Is 890 a multiple of 14?
False
Does 24 divide 3192?
True
Does 27 divide 234?
False
Does 284 divide 4594?
False
Does 6 divide 2148?
True
Is 22 a factor of 3989?
False
Is 3 a factor of 688?
False
Is 2406 a multiple of 17?
False
Does 23 divide 6371?
True
Does 261 divide 73561?
False
Does 67 divide 5617?
False
Is 104 a factor of 5260?
False
Is 162 a multiple of 8?
False
Is 15 a factor of 16432?
False
Is 10657 a multiple of 27?
False
Does 13 divide 281?
False
Is 41 a factor of 7257?
True
Is 702 a multiple of 52?
False
Is 46 a factor of 54866?
False
Is 62 a factor of 3596?
True
Does 17 divide 11737?
False
Is 46489 a multiple of 179?
False
Is 3 a factor of 317?
False
Is 17 a factor of 748?
True
Is 360 a multiple of 3?
True
Is 52298 a multiple of 79?
True
Does 5 divide 5534?
False
Is 25 a factor of 1450?
True
Is 25137 a multiple of 147?
True
Is 460 a multiple of 11?
False
Does 9 divide 1638?
True
Does 19 divide 217474?
True
Is 21 a factor of 2596?
False
Does 19 divide 8943?
False
Does 21 divide 1176?
True
Does 37 divide 2738?
True
Is 3465 a multiple of 35?
True
Does 53 divide 11554?
True
Is 179 a multiple of 14?
False
Is 1426 a multiple of 46?
True
Does 97 divide 4753?
True
Is 14 a factor of 1767?
False
Is 9 a factor of 11397?
False
Is 29 a multiple of 4?
False
Does 91 divide 296?
False
Is 10 a factor of 28700?
True
Is 26 a factor of 1515?
False
Is 105 a factor of 37380?
True
Is 564 a multiple of 12?
True
Is 5075 a multiple of 35?
True
Is 3 a factor of 3166?
False
Does 8 divide 1704?
True
Is 1342 a multiple of 11?
True
Is 30 a factor of 280?
False
Is 10 a factor of 2690?
True
Is 10 a factor of 103960?
True
Does 32 divide 6784?
True
Is 5280 a multiple of 10?
True
Is 69 a factor of 1171?
False
Is 13338 a multiple of 27?
True
Is 22 a factor of 11000?
True
Is 14 a factor of 518?
True
Is 1846 a multiple of 6?
False
Is 1632 a multiple of 17?
True
Does 7 divide 179?
False
Does 63 divide 189?
True
Is 54 a factor of 43794?
True
Is 20049 a multiple of 94?
False
Is 12263 a multiple of 97?
False
Does 247 divide 9238?
False
Does 85 divide 1275?
True
Is 1625 a multiple of 24?
False
Is 37 a factor of 1628?
True
Is 126 a factor of 12027?
False
Is 28077 a multiple of 21?
True
Is 363 a multiple of 10?
False
Is 157 a factor of 9418?
False
Is 11 a factor of 26829?
True
Does 11 divide 649?
True
Does 68 divide 11848?
False
Is 21 a factor of 9810?
False
Is 3384 a multip